7 + 1 + 1).
8
-7 + 11 + -8 - -16
12
3 + (12 + 2 - 8 - -7) + 2
18
What is (-11 + 7 - -9) + (0 - -26)?
31
What is the value of -3 - -1 - (1 + (0 - 19) - -27)?
-11
What is the value of (-2 - (6 - 4)) + 8 + (0 - 1)?
3
Calculate 15 - 9 - (7 + 1 - (2 - 14)).
-14
Evaluate (-2 + (27 - 8) - 0) + (8 - 12).
13
What is the value of (-1 - -25) + (-15 + (5 - 9) - -11)?
16
Calculate -1 + 5 + 3 - (0 - 9).
16
What is the value of 21 - (-4 - (24 + -78))?
-29
Evaluate 2 + 8 + -1 + -3 - (-2 - 7).
15
What is the value of 16 - 1 - (-27 - (0 + -11))?
31
What is -11 + -2 - (11 + -21 + 13)?
-16
Calculate -2 - (6 - (10 - 6) - -3).
-7
-254 + 264 - (-2 - (-5 - -25))
32
Calculate (-1 - -7) + 0 + -2 + (-27 - -52).
29
What is 2 + 3 + (105 - 115 - (-6 - -1))?
0
Evaluate 5 - (-9 + -9 + 18).
5
Evaluate -35 + 5 - -17 - -1.
-12
Evaluate 2 + 7 - (2 + -3 + 5).
5
Calculate 9 - ((-24 - -20) + -7).
20
Calculate (61 - 48) + (1 - (4 + -4)).
14
Calculate -14 - (-1 + 1 - 20).
6
0 + 2 + (1 - -4 - 19) + 18
6
Evaluate (11 - 17 - -6) + -28 + 19.
-9
Evaluate -24 - -26 - ((-2 - 1) + -1).
6
-2 - (4 + 3 + -2 + (-17 - -11))
-1
Evaluate -22 - (0 + (12 - 8)).
-26
Calculate (-26 - -2 - -23) + -1.
-2
0 + 9 - 6 - 1 - 9
-7
Evaluate 3 + (2 - 1) - (6 - (23 - 2)).
19
What is the value of 8 + -1 + (-146 - -139)?
0
Calculate (23 - (2 - -1)) + (6 - (-6 + 18)).
14
Calculate -21 - -7 - 1 - -15 - 1.
-1
Calculate -23 - -1 - ((-29 - (-11 - -4)) + 19).
-19
What is the value of -240 + 260 - (3 - (-2 + 5 - -3))?
23
3 - ((19 - 21) + 21)
-16
Evaluate 2 + -24 + 13 + 17.
8
Evaluate 2 + -18 + -6 - (-6 + -8 + 6).
-14
What is the value of (-52 - -7) + 18 - -16 - 26?
-37
Evaluate 1 + (4 + -1 - (23 + -24)) + 4.
9
What is the value of (22 - 36 - -24) + (-2 - 24)?
-16
Evaluate 14 + -4 + 10 + -24.
-4
-19 + (12 - 2) + 4 - 11
-16
-11 - (-23 + 4 + 6)
2
Evaluate 6 - (12 - 9 - -12).
-9
-35 + -9 + 12 + 24
-8
What is the value of (-164 - -142) + (4 + 1 - 1)?
-18
What is the value of -598 + 611 - (16 - (0 - -2))?
-1
Calculate (-19 - (-26 + 17) - -17) + -25.
-18
Calculate (-3 - 16) + (-31 - -62).
12
What is 18 + (-28 + (2 - -4) - -4)?
0
Evaluate 10 + -12 + 13 - (-4 - -1).
14
What is the value of -3 - -21 - (21 - -16) - -24?
5
What is 1 + 21 + -27 - (6 - 22)?
11
Calculate (3 - (22 - 11 - 1)) + 14.
7
Calculate (43 + -18 - -12) + -42.
-5
Evaluate -26 - -32 - ((-3 - -4) + 1).
4
What is (5 - (7 - (-1 - -4))) + -1 + 4?
4
-2 + 3 + (2 - (5 - (-3 + 6)))
1
Evaluate (2 - ((5 - (1 - 7)) + -3)) + 1.
-5
Evaluate (-15 + (-1 - -34) - 17) + -9 + 0.
-8
What is the value of -16 - (-7 - (4 + -6))?
-11
-12 + -5 + 12 - -16
11
What is -3 + (2 - (-15 + 7)) + 3 + -8?
2
What is (159 - 165) + (19 - 1)?
12
20 - 13 - (-6 + 1 + 6 + -1)
7
-2 - -7 - (4 - -36 - 21)
-14
What is the value of (1 + 2 - (-16 + 4)) + -9?
6
What is the value of 27 + -19 + 4 + -3 + -7 + -11?
-9
31 + -69 + 12 + -6
-32
Calculate 6 + -9 + (4 - 25).
-24
(29 - 13) + -21 - 7
-12
Evaluate 1 + -8 + -5 + (-1 - -8) + -5.
-10
Evaluate 9 + (4 - -8) + (-8 + 12 - 15).
10
16 - (5 - -25) - -1
-13
What is 5 + (2 - -1 - (11 + -18 + 14))?
1
What is 12 - (11 + 1 - 1)?
1
What is the value of 42 - (8 - (-40 - -18))?
12
Evaluate (17 - (-8 + (6 - 7))) + -10.
16
What is -35 + -8 + (1 - -8) + 10?
-24
Calculate 518 + -532 - (-16 - 1).
3
-4 + -19 + (70 - 46)
1
What is -15 + 2 + 19 + -8 + 0?
-2
What is -25 + 48 + -4 + 7 + (-4 - 2)?
20
Evaluate 0 + -6 + (2 + 25 - 20).
1
43 - 36 - (7 + 2)
-2
Calculate (-11 - (-25 - -15)) + -8 + 0 + 21.
12
Evaluate -1 + 0 + 1 + 2 - (-1312 - -1308).
6
What is -3 + 4 + (-12 - (-7 - -1))?
-5
What is 207 + -199 - (-4 - (-6 + (-7 - -4)))?
3
Evaluate -18 - (-4 - (20 - 17)).
-11
What is 3 + (10 - (-1 - -2)) - -7?
19
What is the value of (1 - -14) + (119 - 105)?
29
Evaluate -7 + 0 + (-3 - (6 + -6)) - -2.
-8
What is the value of 10 + 5 + -17 + 10?
8
Calculate (-18 + 0 - -4) + -6 + -2.
-22
(12 - 2) + -5 + (-5 - -15)
15
(25 - (-10 - -2 - (56 - 66))) + 0
23
What is 33 + -5 - 42 - -8?
-6
(-44 - -86 - 50) + (2 - 1 - 0)
-7
What is 23 - (-14 + 9 - -30)?
-2
Evaluate 8 + -6 + (3 - 5).
0
Evaluate (3 - (23 - 6)) + 19.
5
Calculate -1 - -1 - ((-25 - -26) + 4 + -1).
-4
Calculate 0 + -20 + 45 + -32.
-7
Calculate 3 + 4 + -9 + (2 - 5) + -3.
-8
(0 + -1 - -6) + (-64 - (29 + -92))
4
Calculate 9 + (-3 - -18) + -11 - (1 + 2).
10
Evaluate 10 + 12 + (-37 - -12) + 0 + 0.
-3
Calculate (1 - -4) + (-14 + 11 - -12 - 14).
0
What is the value of -1 + -4 + 15 + 0?
10
Evaluate -12 + 7 - -5 - 0 - -6.
6
(10 - 23 - 0) + 11
-2
39 - (55 + (-4 - 30))
18
What is 8 + (-15 - (-10 + 15))?
-12
What is (15 - 7 - 18) + -15 + -1 + 2?
-24
Calculate (-10 + 19 - 6) + -7 + 5 - 7.
-6
Calculate -11 - 0 - (-8 + 13 - 10).
-6
(-433 - -436) + 0 + 10
13
What is the value of (3 - -1) + -16 - (-4 - (12 + -17))?
-13
What is 0 - 2 - 4 - (20 - (-21 - -47))?
0
Evaluate (-1 + 22 - 16) + -5 + -4 + 0.
-4
-8 - ((-1 - 11) + 29)
-25
Evaluate -1 + (6 - ((-10 - -6) + 6 - 5)).
8
Calculate 7 + ((3 - 1) + -11 - (-5 - 1)).
4
What is the value of -4 - -6 - (2 - (-10 - 3))?
-13
What is the value of -1 + 16 - 8 - 12 - -8?
3
(9 - 19) + (-2 - 6) + 14 + -4
-8
-3 + (2 - -11 - -4)
14
What is -14 + -15 + 49 - 0?
20
7 + (11 - 4 - (-11 - -26))
-1
What is (0 - (-6 + 3)) + (-22 - -5)?
-14
-6 - (-13 + 4 - -7) - -8
4
What is the value of 32 + -11 - (17 + -2) - -6?
12
What is 3 + (2 - 18 - (20 - 30))?
-3
What is the value of (-9 - 6) + 25 + (-8 - 0) - -6?
8
What is -1 + 0 - (1 + (-18 - -24))?
-8
What is 40 + (-39 - -60) + -22?
39
What is -1 + -5 - ((-8 - 4) + (-42 - -49))?
-1
Evaluate 13 - (8 + 5 + -3).
3
What is the value of 382 - 360 - (-1 - -12)?
11
What is the value of 50 + -39 - (22 - 1)?
-10
What is the value of 181 + -185 + 0 + -2?
-6
Calculate (-224 - -186) + (-4 - -4).
-38
Calculate 12 + -14 + (-4 - -1) - (82 + -82).
-5
-1 - (8 - (1 + 4))
-4
What is the value of 7 + (-39 - -33 - (3 + 0))?
-2
Calculate (0 - (-18 - -30)) + -1.
-13
Evaluate 22 - 23 - (3 + -2) - 23.
-25
Evaluate -34 + 22 + 13 - 26.
-25
Evaluate -8 + 8 + 6 - (36 - 24).
-6
What is the value of -4 + -5 + (-57 - -9 - -23)?
-34
What is (0 - -3 - (16 + -1)) + (-71 - -74)?
-9
What is -5 - (-13 + 14 + -13)?
7
(-10 - (2 - 4) - (-28 + 23)) + 2
-1
Evaluate 5 - (-14 + 4 - (5 + -7)).
13
Calculate 5 - 2 - 32 - -16.
-13
What is -16 - (8 + (5 - -1) - 11)?
-19
What is 33 + (-15 - (-7 + 31))?
-6
What is the value of (-9 - 1) + 7 + 0 + (-5 - -2)?
-6
What is the value of -12 + (-12 + 13 - 17) - -2?
-26
-1 - (0 - 3 - -6 - -1 - 2)
-3
Calculate (12 - (-57 + 19)) + -18.
32
(397 - 384) + 0 + -8
5
-42 + (102 - 21) - 65
-26
What is the value of 16 - 5 - (-45 - -54) - (1 + 1)?
0
Calculate -12 + (-5 - -17) - 7 - -28.
21
-34 - (-7 + 12 - 12)
-27
What is the value of (-21 - (4 - 28)) + -1 + -4 - -2?
0
What is -12 + (10 - -25) - (-17 + 22)?
18
-4 + -6 + -4 + (-106 - -145)
25
What is the value of -8 + 10 + 10 + 7?
19
Calculate -8 - (7 + 2 + 2 + -9 + -2).
-8
Calculate (-3 - 0 - 0) + 16 + 35 + -19.
29
What is the value of 0 - ((2 - 1) + (2 - 14) + 0)?
11
-7 - (16 - (-17 - (5 - -2 - 18)))
-29
What is the value of -18 - ((-7 - 13) + 10)?
-8
-14 - (36 - 32 - (6 - -28))
16
Evaluate -20 + (-13 - -17 - (-2 - -3)) + 5.
-12
6 + (-29 - -2) + 7
-14
What is (0 - 3 - -13 - 24) + 28?
14
What is the value of 33 + -89 + 52 - ((-7 - -1) + 0)?
2
What is 31 + 29 + -60 + -14?
-14
What is -5 + 7 + (6 - (-5 + 19)) + 2?
-4
Calculate (-4 - 1) + (6 + -1 - 12) + 0.
-12
-11 - ((-11 - (-9 - -15)) + -7)
13
What is -10 + (33 - (7 - (8 - -1)))?
25
(6 - 28) + 20 - (-3 + -1)
2
What is -7 - (1 + 1 + -3 - (-16 - -21))?
-1
What is the value of 19 + 18 - (51 - 14)?
0
Evaluate -7 + 1 + 2 + -327 + 341.
10
(22 - 31) + (-5 - -3)
-11
What is the value of -15 - (-22 + 17 + -8) - -5?
3
Evaluate 1 - (-3 + 13 + 2 + -11) - 3.
-3
Evaluate (-180 - -230) + -27 + 2.
25
What is the value of (3 - 7) + (21 - (7 + 9))?
1
0 + 4 + (-12 - (-33 - (3 - 19)))
9
Evaluate 1 - -4 - (-277 + 263).
19
Calculate 16 - 22 - (22 - 15).
-13
Calculate 29 - (20 - 14) - (15 + -10).
18
Calculate -32 + (-12 - -4) + 22.
-18
Evaluate (-15 - (16 + -15)) + 8.
-8
Calculate 13 - (-2 + 2) - (-6 + 8) - 4.
7
Calculate (-1 - 2) + (-216 - -207).
-12
What is the value of 1 + 4 + -2 + 8 + -12?
-1
Evaluate (30 - (22 + 3)) + (-1 - -9).
13
What is the value of -18 + 8 - -9 - (11 - (2 + -2))?
-12
Evaluate (-12 - (8 + 4 - 26)) + -13.
-11
Ca